{"id":1023,"date":"2024-04-13T16:43:49","date_gmt":"2024-04-13T14:43:49","guid":{"rendered":"https:\/\/siteguillaumetesting2.online\/?page_id=1023"},"modified":"2025-10-19T10:34:20","modified_gmt":"2025-10-19T08:34:20","slug":"dates-a-retenir","status":"publish","type":"page","link":"https:\/\/siteguillaumetesting2.online\/index.php\/dates-a-retenir\/","title":{"rendered":"\u00c9v\u00e9nements \u00e0 venir"},"content":{"rendered":"\n<div style=\"height:18px\" aria-hidden=\"true\" class=\"wp-block-spacer\"><\/div>\n\n\n\n<h2 class=\"wp-block-heading has-text-align-center\">Retrouvez-nous sur ces \u00e9v\u00e9nements en 2025 !<\/h2>\n\n\n\n<p class=\"has-text-align-center\"><em>(d&rsquo;autres dates \u00e0 venir, cette page sera mise \u00e0 jour au cours de l&rsquo;ann\u00e9e)<\/em><\/p>\n\n\n\n<div style=\"height:63px\" aria-hidden=\"true\" class=\"wp-block-spacer\"><\/div>\n\n\n\n<div class=\"wp-block-media-text is-stacked-on-mobile\" style=\"grid-template-columns:20% auto\"><figure class=\"wp-block-media-text__media\"><img loading=\"lazy\" decoding=\"async\" width=\"732\" height=\"1024\" src=\"https:\/\/siteguillaumetesting2.online\/wp-content\/uploads\/2025\/10\/2025-saveurs-et-artisanat-732x1024.jpg\" alt=\"\" class=\"wp-image-1813 size-full\" srcset=\"https:\/\/siteguillaumetesting2.online\/wp-content\/uploads\/2025\/10\/2025-saveurs-et-artisanat-732x1024.jpg 732w, https:\/\/siteguillaumetesting2.online\/wp-content\/uploads\/2025\/10\/2025-saveurs-et-artisanat-215x300.jpg 215w, https:\/\/siteguillaumetesting2.online\/wp-content\/uploads\/2025\/10\/2025-saveurs-et-artisanat-768x1074.jpg 768w, https:\/\/siteguillaumetesting2.online\/wp-content\/uploads\/2025\/10\/2025-saveurs-et-artisanat-250x350.jpg 250w, https:\/\/siteguillaumetesting2.online\/wp-content\/uploads\/2025\/10\/2025-saveurs-et-artisanat-200x280.jpg 200w, https:\/\/siteguillaumetesting2.online\/wp-content\/uploads\/2025\/10\/2025-saveurs-et-artisanat.jpg 1080w\" sizes=\"auto, (max-width: 732px) 100vw, 732px\" \/><\/figure><div class=\"wp-block-media-text__content\">\n<p><strong><a href=\"https:\/\/www.facebook.com\/AssociationLaMadeleineMoulinsRiveGauche?locale=fr_FR\">Salon saveurs et artisanat<\/a><\/strong>, samedi 15 et dimanche 16 novembre 2025<\/p>\n\n\n\n<p>Moulins, Espace Villars (03000)<\/p>\n\n\n\n<p>Salon incontournable pour les amateurs de belles et bonnes choses !! <img loading=\"lazy\" decoding=\"async\" height=\"16\" width=\"16\" alt=\"\ud83e\udd17\" src=\"https:\/\/static.xx.fbcdn.net\/images\/emoji.php\/v9\/t56\/2\/16\/1f917.png\"><\/p>\n\n\n\n<p>Infos pratiques : entr\u00e9e gratuite, samedi de 10h \u00e0 19h &amp; dimanche de 10h \u00e0 18h<\/p>\n<\/div><\/div>\n\n\n\n<div style=\"height:88px\" aria-hidden=\"true\" class=\"wp-block-spacer\"><\/div>\n\n\n\n<h2 class=\"wp-block-heading\">March\u00e9s de No\u00ebl 2025 :<\/h2>\n\n\n\n<figure class=\"wp-block-image aligncenter size-full is-resized\"><a href=\"https:\/\/www.facebook.com\/potionsauvage\/\"><img loading=\"lazy\" decoding=\"async\" width=\"940\" height=\"788\" src=\"https:\/\/siteguillaumetesting2.online\/wp-content\/uploads\/2024\/01\/Dates-marches.jpg\" alt=\"\" class=\"wp-image-1814\" style=\"width:487px;height:auto\" srcset=\"https:\/\/siteguillaumetesting2.online\/wp-content\/uploads\/2024\/01\/Dates-marches.jpg 940w, https:\/\/siteguillaumetesting2.online\/wp-content\/uploads\/2024\/01\/Dates-marches-300x251.jpg 300w, https:\/\/siteguillaumetesting2.online\/wp-content\/uploads\/2024\/01\/Dates-marches-768x644.jpg 768w, https:\/\/siteguillaumetesting2.online\/wp-content\/uploads\/2024\/01\/Dates-marches-250x210.jpg 250w, https:\/\/siteguillaumetesting2.online\/wp-content\/uploads\/2024\/01\/Dates-marches-200x168.jpg 200w\" sizes=\"auto, (max-width: 940px) 100vw, 940px\" \/><\/a><\/figure>\n\n\n\n<div style=\"height:26px\" aria-hidden=\"true\" class=\"wp-block-spacer\"><\/div>\n","protected":false},"excerpt":{"rendered":"<p>Retrouvez-nous sur ces \u00e9v\u00e9nements en 2025 ! (d&rsquo;autres dates \u00e0 venir, cette page sera mise \u00e0 jour au cours de [&hellip;]<\/p>\n","protected":false},"author":1,"featured_media":0,"parent":0,"menu_order":0,"comment_status":"closed","ping_status":"closed","template":"","meta":{"site-sidebar-layout":"default","site-content-layout":"","ast-site-content-layout":"default","site-content-style":"default","site-sidebar-style":"default","ast-global-header-display":"","ast-banner-title-visibility":"","ast-main-header-display":"","ast-hfb-above-header-display":"","ast-hfb-below-header-display":"","ast-hfb-mobile-header-display":"","site-post-title":"","ast-breadcrumbs-content":"","ast-featured-img":"","footer-sml-layout":"","theme-transparent-header-meta":"","adv-header-id-meta":"","stick-header-meta":"","header-above-stick-meta":"","header-main-stick-meta":"","header-below-stick-meta":"","astra-migrate-meta-layouts":"default","ast-page-background-enabled":"default","ast-page-background-meta":{"desktop":{"background-color":"var(--ast-global-color-4)","background-image":"","background-repeat":"repeat","background-position":"center center","background-size":"auto","background-attachment":"scroll","background-type":"","background-media":"","overlay-type":"","overlay-color":"","overlay-opacity":"","overlay-gradient":""},"tablet":{"background-color":"","background-image":"","background-repeat":"repeat","background-position":"center center","background-size":"auto","background-attachment":"scroll","background-type":"","background-media":"","overlay-type":"","overlay-color":"","overlay-opacity":"","overlay-gradient":""},"mobile":{"background-color":"","background-image":"","background-repeat":"repeat","background-position":"center center","background-size":"auto","background-attachment":"scroll","background-type":"","background-media":"","overlay-type":"","overlay-color":"","overlay-opacity":"","overlay-gradient":""}},"ast-content-background-meta":{"desktop":{"background-color":"var(--ast-global-color-5)","background-image":"","background-repeat":"repeat","background-position":"center center","background-size":"auto","background-attachment":"scroll","background-type":"","background-media":"","overlay-type":"","overlay-color":"","overlay-opacity":"","overlay-gradient":""},"tablet":{"background-color":"var(--ast-global-color-5)","background-image":"","background-repeat":"repeat","background-position":"center center","background-size":"auto","background-attachment":"scroll","background-type":"","background-media":"","overlay-type":"","overlay-color":"","overlay-opacity":"","overlay-gradient":""},"mobile":{"background-color":"var(--ast-global-color-5)","background-image":"","background-repeat":"repeat","background-position":"center center","background-size":"auto","background-attachment":"scroll","background-type":"","background-media":"","overlay-type":"","overlay-color":"","overlay-opacity":"","overlay-gradient":""}},"_themeisle_gutenberg_block_has_review":false,"footnotes":""},"class_list":["post-1023","page","type-page","status-publish","hentry"],"_links":{"self":[{"href":"https:\/\/siteguillaumetesting2.online\/index.php\/wp-json\/wp\/v2\/pages\/1023","targetHints":{"allow":["GET"]}}],"collection":[{"href":"https:\/\/siteguillaumetesting2.online\/index.php\/wp-json\/wp\/v2\/pages"}],"about":[{"href":"https:\/\/siteguillaumetesting2.online\/index.php\/wp-json\/wp\/v2\/types\/page"}],"author":[{"embeddable":true,"href":"https:\/\/siteguillaumetesting2.online\/index.php\/wp-json\/wp\/v2\/users\/1"}],"replies":[{"embeddable":true,"href":"https:\/\/siteguillaumetesting2.online\/index.php\/wp-json\/wp\/v2\/comments?post=1023"}],"version-history":[{"count":11,"href":"https:\/\/siteguillaumetesting2.online\/index.php\/wp-json\/wp\/v2\/pages\/1023\/revisions"}],"predecessor-version":[{"id":1900,"href":"https:\/\/siteguillaumetesting2.online\/index.php\/wp-json\/wp\/v2\/pages\/1023\/revisions\/1900"}],"wp:attachment":[{"href":"https:\/\/siteguillaumetesting2.online\/index.php\/wp-json\/wp\/v2\/media?parent=1023"}],"curies":[{"name":"wp","href":"https:\/\/api.w.org\/{rel}","templated":true}]}}