{"id":1234,"date":"2024-10-28T17:53:45","date_gmt":"2024-10-28T16:53:45","guid":{"rendered":"https:\/\/siteguillaumetesting2.online\/?post_type=product&#038;p=1234"},"modified":"2026-02-17T21:53:38","modified_gmt":"2026-02-17T20:53:38","slug":"pissenlit","status":"publish","type":"product","link":"https:\/\/siteguillaumetesting2.online\/index.php\/produit\/pissenlit\/","title":{"rendered":"Pissenlit"},"content":{"rendered":"<p>20 ml<\/p>\n<p data-start=\"123\" data-end=\"160\"><strong>\u2600\ufe0f\ud83c\udf3c D\u00e9tente &amp; confort pour la peau<\/strong> \ud83c\udf3c\u2600\ufe0f<\/p>\n<p data-start=\"162\" data-end=\"535\">Un baume artisanal, simple et efficace, formul\u00e9 avec un mac\u00e9rat solaris\u00e9 de fleurs de pissenlit, cueillies \u00e0 la main.<\/p>\n<p>Confectionn\u00e9 avec des ingr\u00e9dients naturels et bio, ce baume est id\u00e9al pour les probl\u00e8mes de peau. En effet, le <strong>pissenlit <\/strong>est un alli\u00e9 pr\u00e9cieux pour d\u00e9tendre les zones de tension et prendre soin des peaux s\u00e8ches ou \u00e9chauff\u00e9es, pour lutter contre les rides, l\u2019ecz\u00e9ma, le psoriasis et l\u2019acn\u00e9.<\/p>\n<p>De par ses propri\u00e9t\u00e9s antibact\u00e9riennes, et antifongiques, le pissenlit d\u00e9toxifie la peau, nettoie les pores, \u00e9limine l&rsquo;acn\u00e9 et en limite les pouss\u00e9es. Ses propri\u00e9t\u00e9s antioxydantes et anti-inflammatoires contribuent \u00e0 apaiser les irritations cutan\u00e9es et \u00e0 favoriser une peau saine. Sa texture douce fond au contact de la peau et apporte imm\u00e9diatement confort et bien-\u00eatre.<\/p>\n<p>&nbsp;<\/p>\n<p data-start=\"537\" data-end=\"557\">\ud83c\udf3c <strong data-start=\"540\" data-end=\"555\">Bienfaits :<\/strong><\/p>\n<ul>\n<li data-start=\"621\" data-end=\"651\">Assouplit et adoucit la peau<\/li>\n<li data-start=\"621\" data-end=\"651\">Apaise les probl\u00e8mes cutan\u00e9s (type ecz\u00e9ma ou psoriasis)<\/li>\n<li data-start=\"654\" data-end=\"697\">Soulage les tiraillements et zones s\u00e8ches<\/li>\n<li data-start=\"700\" data-end=\"743\">Apporte confort et souplesse au quotidien<\/li>\n<\/ul>\n<p>&nbsp;<\/p>\n<p data-start=\"745\" data-end=\"968\">\ud83d\udca1 <strong data-start=\"748\" data-end=\"776\">Conseils d\u2019utilisation :<\/strong><br data-start=\"776\" data-end=\"779\" \/>Appliquer une petite quantit\u00e9 de baume en massage doux sur les zones concern\u00e9es (mains, articulations, muscles tendus\u2026). Peut \u00eatre utilis\u00e9 aussi comme soin r\u00e9confortant pour peaux s\u00e8ches.<\/p>\n<p data-start=\"745\" data-end=\"968\">\n<p data-start=\"970\" data-end=\"1006\">\ud83c\udf3f <strong data-start=\"973\" data-end=\"1004\">Ingr\u00e9dients cl\u00e9s &amp; vertus :<\/strong><\/p>\n<ul>\n<li data-start=\"1009\" data-end=\"1080\"><strong data-start=\"1009\" data-end=\"1042\">Pissenlit (mac\u00e9rat de fleurs)<\/strong> : apaisant, relaxant, assouplissant<\/li>\n<li data-start=\"1083\" data-end=\"1143\"><strong data-start=\"1083\" data-end=\"1103\">Huile d&rsquo;olive (mac\u00e9rat)<\/strong> : hydratante, r\u00e9g\u00e9n\u00e9rante<\/li>\n<li data-start=\"1146\" data-end=\"1213\"><strong data-start=\"1146\" data-end=\"1164\">Cire d\u2019abeille<\/strong> : protectrice, adoucissante, filmog\u00e8ne naturel<\/li>\n<\/ul>\n<p>&nbsp;<\/p>\n<p>&nbsp;<\/p>\n<p>Ingr\u00e9dients\u00a0: mac\u00e9r\u00e2t huileux de pissenlit, cire d\u2019abeille bio.<\/p>\n<p><em>Ingredients\u00a0: olea europaea fruit oil*, cera alba*, taraxacum officinale extract (*produits issus de l\u2019agriculture biologique).<\/em><\/p>\n<p>&nbsp;<\/p>\n<p><strong>Tous nos baumes et beurres v\u00e9g\u00e9taux sont \u00e9labor\u00e9s \u00e0 partir de mac\u00e9r\u00e2ts huileux, issus de nos cueillettes. Nous solarisons ensuite les plantes dans une huile d\u2019olive biologique. Nous n\u2019ajoutons pas de conservateur, ils sont donc \u00e0 conserver au frais, \u00e0 l\u2019abri de la lumi\u00e8re.<\/strong><\/p>\n","protected":false},"excerpt":{"rendered":"<div class=\"woocommerce-product-details__short-description\">\n<p>Baume pissenlit \u00e0 base d\u2019un mac\u00e9r\u00e2t huileux de pissenlit et de cire d\u2019abeille bio.\u00a0Anti-ride, ecz\u00e9ma, psoriasis, acn\u00e9.\u00a020 ml<\/p>\n<p>\ud83c\udf3c Soulage et apaise les probl\u00e8mes cutan\u00e9s.<br \/>\n\ud83d\udca7 Nourrit et adoucit la peau.<br \/>\n\ud83c\udf31 Formul\u00e9 avec mac\u00e9r\u00e2t de fleurs de pissenlit.<br \/>\n\ud83d\uded1 Sans parfum, sans conservateur, sans huiles essentielles.<\/p>\n<\/div>\n","protected":false},"featured_media":1235,"comment_status":"open","ping_status":"closed","template":"","meta":{"site-sidebar-layout":"default","site-content-layout":"","ast-site-content-layout":"default","site-content-style":"default","site-sidebar-style":"default","ast-global-header-display":"","ast-banner-title-visibility":"","ast-main-header-display":"","ast-hfb-above-header-display":"","ast-hfb-below-header-display":"","ast-hfb-mobile-header-display":"","site-post-title":"","ast-breadcrumbs-content":"","ast-featured-img":"","footer-sml-layout":"","theme-transparent-header-meta":"default","adv-header-id-meta":"","stick-header-meta":"","header-above-stick-meta":"","header-main-stick-meta":"","header-below-stick-meta":"","astra-migrate-meta-layouts":"set","ast-page-background-enabled":"default","ast-page-background-meta":{"desktop":{"background-color":"var(--ast-global-color-4)","background-image":"","background-repeat":"repeat","background-position":"center center","background-size":"auto","background-attachment":"scroll","background-type":"","background-media":"","overlay-type":"","overlay-color":"","overlay-opacity":"","overlay-gradient":""},"tablet":{"background-color":"","background-image":"","background-repeat":"repeat","background-position":"center center","background-size":"auto","background-attachment":"scroll","background-type":"","background-media":"","overlay-type":"","overlay-color":"","overlay-opacity":"","overlay-gradient":""},"mobile":{"background-color":"","background-image":"","background-repeat":"repeat","background-position":"center center","background-size":"auto","background-attachment":"scroll","background-type":"","background-media":"","overlay-type":"","overlay-color":"","overlay-opacity":"","overlay-gradient":""}},"ast-content-background-meta":{"desktop":{"background-color":"var(--ast-global-color-5)","background-image":"","background-repeat":"repeat","background-position":"center center","background-size":"auto","background-attachment":"scroll","background-type":"","background-media":"","overlay-type":"","overlay-color":"","overlay-opacity":"","overlay-gradient":""},"tablet":{"background-color":"var(--ast-global-color-5)","background-image":"","background-repeat":"repeat","background-position":"center center","background-size":"auto","background-attachment":"scroll","background-type":"","background-media":"","overlay-type":"","overlay-color":"","overlay-opacity":"","overlay-gradient":""},"mobile":{"background-color":"var(--ast-global-color-5)","background-image":"","background-repeat":"repeat","background-position":"center center","background-size":"auto","background-attachment":"scroll","background-type":"","background-media":"","overlay-type":"","overlay-color":"","overlay-opacity":"","overlay-gradient":""}},"_themeisle_gutenberg_block_has_review":false},"product_brand":[],"product_cat":[119],"product_tag":[],"class_list":{"0":"post-1234","1":"product","2":"type-product","3":"status-publish","4":"has-post-thumbnail","6":"product_cat-baumes-beurres","7":"desktop-align-left","8":"tablet-align-left","9":"mobile-align-left","11":"first","12":"instock","13":"shipping-taxable","14":"purchasable","15":"product-type-simple"},"supplier_id":null,"supplier_sku":"","barcode":null,"atum_controlled":true,"out_stock_date":null,"out_stock_threshold":null,"inheritable":false,"inbound_stock":0,"stock_on_hold":0,"sold_today":0,"sales_last_days":0,"reserved_stock":0,"customer_returns":0,"warehouse_damage":0,"lost_in_post":0,"other_logs":0,"out_stock_days":0,"lost_sales":0,"has_location":false,"update_date":"2026-04-05T10:16:09","atum_locations":[],"atum_stock_status":"instock","restock_status":false,"low_stock_amount":"","sales_update_date":"2026-04-05T10:16:09","calc_backorders":null,"_links":{"self":[{"href":"https:\/\/siteguillaumetesting2.online\/index.php\/wp-json\/wp\/v2\/product\/1234","targetHints":{"allow":["GET"]}}],"collection":[{"href":"https:\/\/siteguillaumetesting2.online\/index.php\/wp-json\/wp\/v2\/product"}],"about":[{"href":"https:\/\/siteguillaumetesting2.online\/index.php\/wp-json\/wp\/v2\/types\/product"}],"replies":[{"embeddable":true,"href":"https:\/\/siteguillaumetesting2.online\/index.php\/wp-json\/wp\/v2\/comments?post=1234"}],"wp:featuredmedia":[{"embeddable":true,"href":"https:\/\/siteguillaumetesting2.online\/index.php\/wp-json\/wp\/v2\/media\/1235"}],"wp:attachment":[{"href":"https:\/\/siteguillaumetesting2.online\/index.php\/wp-json\/wp\/v2\/media?parent=1234"}],"wp:term":[{"taxonomy":"product_brand","embeddable":true,"href":"https:\/\/siteguillaumetesting2.online\/index.php\/wp-json\/wp\/v2\/product_brand?post=1234"},{"taxonomy":"product_cat","embeddable":true,"href":"https:\/\/siteguillaumetesting2.online\/index.php\/wp-json\/wp\/v2\/product_cat?post=1234"},{"taxonomy":"product_tag","embeddable":true,"href":"https:\/\/siteguillaumetesting2.online\/index.php\/wp-json\/wp\/v2\/product_tag?post=1234"}],"curies":[{"name":"wp","href":"https:\/\/api.w.org\/{rel}","templated":true}]}}