{"id":1246,"date":"2024-10-28T18:06:56","date_gmt":"2024-10-28T17:06:56","guid":{"rendered":"https:\/\/siteguillaumetesting2.online\/?post_type=product&#038;p=1246"},"modified":"2025-10-21T17:31:49","modified_gmt":"2025-10-21T15:31:49","slug":"demaquillant","status":"publish","type":"product","link":"https:\/\/siteguillaumetesting2.online\/index.php\/produit\/demaquillant\/","title":{"rendered":"D\u00e9maquillant"},"content":{"rendered":"<p>40 ml<\/p>\n<p data-start=\"118\" data-end=\"188\"><strong data-start=\"118\" data-end=\"186\">Un rituel doux et naturel pour lib\u00e9rer la peau du maquillage \ud83c\udf3f\u2728<\/strong><\/p>\n<p data-start=\"190\" data-end=\"458\">Ce baume d\u00e9maquillant \u00e0 la texture fondante dissout en douceur diff\u00e9rents types de maquillage (except\u00e9 le waterproof), tout en respectant l\u2019\u00e9quilibre de la peau.<\/p>\n<p data-start=\"190\" data-end=\"458\">Associ\u00e9e aux beurres de coco et de karit\u00e9, la fleur de cerisier est connue pour ses propri\u00e9t\u00e9s adoucissantes et hydratantes pour la peau. Elle est id\u00e9ale pour redonner de l\u2019\u00e9clat aux \u00e9pidermes fragilis\u00e9s et contribue \u00e0 prot\u00e9ger la peau des agressions ext\u00e9rieures (soleil, froid, pollution \u2026). Elle est \u00e9galement anti-oxydantes et favorise la r\u00e9g\u00e9n\u00e9ration cellulaire.<\/p>\n<p data-start=\"190\" data-end=\"458\">\n<p data-start=\"465\" data-end=\"485\">\ud83c\udf3c <strong>Bienfaits :<\/strong><\/p>\n<ul>\n<li data-start=\"488\" data-end=\"541\">Dissout efficacement le maquillage et les impuret\u00e9s<\/li>\n<li data-start=\"544\" data-end=\"596\">Respecte le film hydrolipidique naturel de la peau<\/li>\n<li data-start=\"599\" data-end=\"678\">Nourrit et adoucit la peau gr\u00e2ce \u00e0 sa richesse en beurres et huiles v\u00e9g\u00e9tales<\/li>\n<li data-start=\"681\" data-end=\"730\">Laisse la peau souple, confortable et lumineuse<\/li>\n<\/ul>\n<p>&nbsp;<\/p>\n<p data-start=\"737\" data-end=\"770\">\ud83d\udca1 <strong>Conseils d\u2019utilisation :<\/strong><\/p>\n<p data-start=\"771\" data-end=\"906\">Le <strong data-start=\"774\" data-end=\"795\">d\u00e9maquillage gras<\/strong> fonctionne par affinit\u00e9 : le corps gras attire et dissout le maquillage (qui contient aussi des corps gras).<\/p>\n<ol>\n<li data-start=\"910\" data-end=\"964\">Pr\u00e9lever une petite noisette de beurre d\u00e9maquillant.<\/li>\n<li data-start=\"968\" data-end=\"1048\">Masser directement sur peau s\u00e8che, en mouvements circulaires (visage et yeux).<\/li>\n<li data-start=\"1052\" data-end=\"1121\">Ajouter un peu d\u2019eau ti\u00e8de : le baume se transforme en voile lact\u00e9.<\/li>\n<li data-start=\"1125\" data-end=\"1174\">Rincer soigneusement, puis s\u00e9cher d\u00e9licatement.<\/li>\n<\/ol>\n<p data-start=\"1176\" data-end=\"1241\">\ud83d\udc49 Peut s\u2019utiliser au quotidien, m\u00eame pour les peaux sensibles.<\/p>\n<p data-start=\"1176\" data-end=\"1241\">\n<p data-start=\"1248\" data-end=\"1284\">\ud83c\udf3f <strong>Ingr\u00e9dients cl\u00e9s :<\/strong><\/p>\n<ul>\n<li data-start=\"1287\" data-end=\"1360\"><strong data-start=\"1287\" data-end=\"1305\">Beurre de coco<\/strong> : d\u00e9maquillant naturel, nourrissant, prot\u00e8ge la peau<\/li>\n<li data-start=\"1363\" data-end=\"1435\"><strong data-start=\"1363\" data-end=\"1383\">Beurre de karit\u00e9<\/strong> : r\u00e9parateur, assouplissant, riche en acides gras<\/li>\n<li data-start=\"1438\" data-end=\"1518\"><strong data-start=\"1438\" data-end=\"1460\">Fleurs de cerisier<\/strong> <strong>(mac\u00e9rat)<\/strong> : adoucissantes, apaisantes et illuminatrices<\/li>\n<li data-start=\"1521\" data-end=\"1591\"><strong data-start=\"1521\" data-end=\"1538\">Huile d\u2019olive (mac\u00e9rat)<\/strong> : riche en antioxydants, protectrice et \u00e9molliente<\/li>\n<\/ul>\n<p>&nbsp;<\/p>\n<p>Ingr\u00e9dients\u00a0: beurre de coco, beurre de karit\u00e9, mac\u00e9r\u00e2t huileux de cerisier.<\/p>\n<p><em>Ingredients\u00a0: cocos nucifera oil*, butyrospermum parkii butter*, olea europaea fruit oil*, prunus cerasus flower extract (*produits issus de l\u2019agriculture biologique)<\/em><\/p>\n<p><strong>Tous nos baumes et beurres v\u00e9g\u00e9taux sont \u00e9labor\u00e9s \u00e0 partir de mac\u00e9r\u00e2ts huileux, issus de nos cueillettes. Nous solarisons ensuite les plantes dans une huile d\u2019olive biologique. Nous n\u2019ajoutons pas de conservateur, ils sont donc \u00e0 conserver au frais, \u00e0 l\u2019abri de la lumi\u00e8re.<\/strong><\/p>\n","protected":false},"excerpt":{"rendered":"<p>D\u00e9maquillant, \u00e0 base de beurre de coco, beurre de karit\u00e9, mac\u00e9r\u00e2t huileux de cerisier.\u00a0Hydratant, nettoyant et r\u00e9parateur.\u00a040 ml<\/p>\n<p><strong>Le rituel beaut\u00e9 qui allie soin et douceur<\/strong> \ud83d\udc84<br \/>\n\ud83c\udf3c Dissout maquillage et impuret\u00e9s sans agresser.<br \/>\n\ud83d\udca7 Laisse la peau propre, douce et nourrie.<br \/>\n\ud83c\udf31 Formul\u00e9 uniquement avec huiles &amp; beurres bio.<br \/>\n\ud83d\uded1 Sans parfum, sans conservateur, sans huiles essentielles.<\/p>\n","protected":false},"featured_media":1247,"comment_status":"open","ping_status":"closed","template":"","meta":{"site-sidebar-layout":"default","site-content-layout":"","ast-site-content-layout":"default","site-content-style":"default","site-sidebar-style":"default","ast-global-header-display":"","ast-banner-title-visibility":"","ast-main-header-display":"","ast-hfb-above-header-display":"","ast-hfb-below-header-display":"","ast-hfb-mobile-header-display":"","site-post-title":"","ast-breadcrumbs-content":"","ast-featured-img":"","footer-sml-layout":"","theme-transparent-header-meta":"default","adv-header-id-meta":"","stick-header-meta":"","header-above-stick-meta":"","header-main-stick-meta":"","header-below-stick-meta":"","astra-migrate-meta-layouts":"set","ast-page-background-enabled":"default","ast-page-background-meta":{"desktop":{"background-color":"var(--ast-global-color-4)","background-image":"","background-repeat":"repeat","background-position":"center center","background-size":"auto","background-attachment":"scroll","background-type":"","background-media":"","overlay-type":"","overlay-color":"","overlay-opacity":"","overlay-gradient":""},"tablet":{"background-color":"","background-image":"","background-repeat":"repeat","background-position":"center center","background-size":"auto","background-attachment":"scroll","background-type":"","background-media":"","overlay-type":"","overlay-color":"","overlay-opacity":"","overlay-gradient":""},"mobile":{"background-color":"","background-image":"","background-repeat":"repeat","background-position":"center center","background-size":"auto","background-attachment":"scroll","background-type":"","background-media":"","overlay-type":"","overlay-color":"","overlay-opacity":"","overlay-gradient":""}},"ast-content-background-meta":{"desktop":{"background-color":"var(--ast-global-color-5)","background-image":"","background-repeat":"repeat","background-position":"center center","background-size":"auto","background-attachment":"scroll","background-type":"","background-media":"","overlay-type":"","overlay-color":"","overlay-opacity":"","overlay-gradient":""},"tablet":{"background-color":"var(--ast-global-color-5)","background-image":"","background-repeat":"repeat","background-position":"center center","background-size":"auto","background-attachment":"scroll","background-type":"","background-media":"","overlay-type":"","overlay-color":"","overlay-opacity":"","overlay-gradient":""},"mobile":{"background-color":"var(--ast-global-color-5)","background-image":"","background-repeat":"repeat","background-position":"center center","background-size":"auto","background-attachment":"scroll","background-type":"","background-media":"","overlay-type":"","overlay-color":"","overlay-opacity":"","overlay-gradient":""}},"_themeisle_gutenberg_block_has_review":false},"product_brand":[],"product_cat":[119],"product_tag":[],"class_list":{"0":"post-1246","1":"product","2":"type-product","3":"status-publish","4":"has-post-thumbnail","6":"product_cat-baumes-beurres","7":"desktop-align-left","8":"tablet-align-left","9":"mobile-align-left","11":"first","12":"instock","13":"shipping-taxable","14":"purchasable","15":"product-type-simple"},"supplier_id":null,"supplier_sku":"","barcode":null,"atum_controlled":true,"out_stock_date":null,"out_stock_threshold":null,"inheritable":false,"inbound_stock":0,"stock_on_hold":0,"sold_today":0,"sales_last_days":0,"reserved_stock":0,"customer_returns":0,"warehouse_damage":0,"lost_in_post":0,"other_logs":0,"out_stock_days":0,"lost_sales":0,"has_location":false,"update_date":"2026-04-05T10:16:09","atum_locations":[],"atum_stock_status":"instock","restock_status":false,"low_stock_amount":"","sales_update_date":"2026-04-05T10:16:09","calc_backorders":null,"_links":{"self":[{"href":"https:\/\/siteguillaumetesting2.online\/index.php\/wp-json\/wp\/v2\/product\/1246","targetHints":{"allow":["GET"]}}],"collection":[{"href":"https:\/\/siteguillaumetesting2.online\/index.php\/wp-json\/wp\/v2\/product"}],"about":[{"href":"https:\/\/siteguillaumetesting2.online\/index.php\/wp-json\/wp\/v2\/types\/product"}],"replies":[{"embeddable":true,"href":"https:\/\/siteguillaumetesting2.online\/index.php\/wp-json\/wp\/v2\/comments?post=1246"}],"wp:featuredmedia":[{"embeddable":true,"href":"https:\/\/siteguillaumetesting2.online\/index.php\/wp-json\/wp\/v2\/media\/1247"}],"wp:attachment":[{"href":"https:\/\/siteguillaumetesting2.online\/index.php\/wp-json\/wp\/v2\/media?parent=1246"}],"wp:term":[{"taxonomy":"product_brand","embeddable":true,"href":"https:\/\/siteguillaumetesting2.online\/index.php\/wp-json\/wp\/v2\/product_brand?post=1246"},{"taxonomy":"product_cat","embeddable":true,"href":"https:\/\/siteguillaumetesting2.online\/index.php\/wp-json\/wp\/v2\/product_cat?post=1246"},{"taxonomy":"product_tag","embeddable":true,"href":"https:\/\/siteguillaumetesting2.online\/index.php\/wp-json\/wp\/v2\/product_tag?post=1246"}],"curies":[{"name":"wp","href":"https:\/\/api.w.org\/{rel}","templated":true}]}}